t y(s) = -4*s**2 + 9*s + 3. Let m be y(2). What is z(m)?
-4
Let f(p) be the first derivative of p + 3 - 1/2*p**2. Let i = 1 + -2. What is f(i)?
2
Let z(g) = 4*g - 5. Let c(q) = 1. Let n(b) = -6*c(b) - z(b). Determine n(-1).
3
Let d(w) = -6*w. Let p(j) be the third derivative of -j**4/24 + j**2. Let v = 2 - 1. Let f(s) = v*d(s) - 4*p(s). Give f(4).
-8
Let s = -1 - -4. Let r(y) = -3*y - 4*y + 9*y - y**2. Calculate r(s).
-3
Let m(l) be the third derivative of -l**6/360 - l**5/40 - l**4/24 + 2*l**2. Let u(p) be the second derivative of m(p). Calculate u(3).
-9
Let u(q) = -5*q**2 + 3*q - 3. Let o(s) = -4*s**2 + 2*s - 2. Let x(z) = 4*o(z) - 3*u(z). Determine x(2).
-5
Let f = 313 - 318. Let h(o) = 2*o + 3*o + 0 - 3 + o**2. Determine h(f).
-3
Let b(n) = -20*n**2 - 5*n - 15. Let z(v) = 7*v**2 + 2*v + 5. Let k(s) = 6*b(s) + 17*z(s). What is k(4)?
-5
Let k(y) = 2*y**3 - 8*y**2 + 2*y - 3. Let c be k(4). Let x(d) = -d**2 + 7*d - 6. Determine x(c).
4
Let d(x) = x + 7. Let p be d(-3). Let b(n) = 2*n + p - 2 - 1 + n**2. Determine b(-3).
4
Let b(o) = -o**2 - 6*o - 3. Let y be b(-2). Suppose -3*u = i + 2, y*i - 4 = 5*u - 14. Let s(c) = c**3 + c**2 + c - 2. Calculate s(u).
-2
Suppose -i - 4*l = 18, 3*i - l = 3*l + 26. Let b be 46/10 + i/5. Let u(m) = -2*m + 1. What is u(b)?
-9
Let b(a) be the third derivative of -a**8/20160 + a**7/5040 + a**6/90 + a**5/20 + a**2. Let m(g) be the third derivative of b(g). Determine m(0).
8
Let y(m) = -m**3 + m**2 + 1. Let p(s) be the second derivative of -3*s**5/10 + 5*s**4/12 - s**3/3 + 2*s**2 - 2*s. Let a(i) = -p(i) + 5*y(i). Determine a(-1).
-2
Let x = 8 - 5. Suppose -4 = -2*s, -s = -x*v + s + 2. Let z(i) = -i**2 - v + 5 - 4 + 2*i. Calculate z(4).
-9
Let m(n) = 4*n**3 - n**2 + n - 1. Suppose 0*h - 4*h + 2*s = 38, 0 = 3*s - 3. Let y be ((-6)/4)/(h/6). Determine m(y).
3
Let c be -2 - 33/3 - (-2 - 1). Let w(g) = g**3 + 11*g**2 + 11*g + 9. What is w(c)?
-1
Let g(z) = 6 + 666*z - 670*z - 2*z**2 + z**2. Let o(i) = i**3 + 7*i**2 + 8*i + 6. Let l be o(-6). What is g(l)?
-6
Let s(x) = -x**3 - 4*x**2 - 2*x - 1. Let f be s(-4). Let q(t) = t + 4. What is q(f)?
11
Let p(h) be the third derivative of -h**4/24 + 5*h**3/6 + 2*h**2. Let g(q) = -5. Let o(m) = 4*g(m) + 3*p(m). Give o(-4).
7
Suppose 2*z + 2*z + 24 = 0. Let x(f) = -f**2 - 6*f + 5. Determine x(z).
5
Let b(s) = 7 - 6 + 2 - s + 0. Give b(-3).
6
Let q(o) = o**3 + 5*o**2 - 3. Let t(g) = -2*g**2 - g + 1. Suppose 2*h = 6*h + 8. Let z be t(h). Determine q(z).
-3
Let k(j) = -j - 2. Let v be ((-27)/(-6))/((-3)/(-4)). Suppose -2*m = 6 - 2, 5*m - v = -4*h. Suppose -16 + 4 = -h*o. Calculate k(o).
-5
Suppose -3*g + 12 = -3. Suppose 13 = -x - 2*y, g*y = 3*x - 0*x - 16. Let n(k) = k**2 + 5*k + 2. Determine n(x).
-4
Let x(p) = 9*p + p**2 - 7*p - p - 1. Give x(0).
-1
Let u(h) be the first derivative of h**4/4 + 10*h**3/3 + 4*h**2 - 5*h + 23. Give u(-9).
4
Let i(m) be the first derivative of -m**6/360 + m**4/24 - m**3/3 + 5. Let b(r) be the third derivative of i(r). Give b(-2).
-3
Let c(p) = p. Let g(x) = x - 10. Let q = -12 - -19. Let k be g(q). Determine c(k).
-3
Let l(h) be the second derivative of -h**4/6 + h**2 - 2*h. Let w(v) = v - 3*v + v. Let c be w(-2). Calculate l(c).
-6
Let v(r) = -6*r**3 + 2*r**3 + r - r**3 - 1. Let b be 2 - (-1)/(-1 + 3 - 3). Give v(b).
-5
Let w(v) = -5*v**3 + v. Let d = 21 + -30. Let h = -6 - d. Suppose 0 = 5*z + 8 - h. What is w(z)?
4
Let i(n) = -n**3 - n**2 + 7. Let s be (2/(-5))/((-1)/5). Let v be 2 - s*(-9)/(-6). Let j be v*(2 + -2 + 0). Calculate i(j).
7
Let t(v) = -4*v**2 + 5*v**2 - 4*v**2 - 4*v**2 + 1. Suppose 0*n - 1 = n. Determine t(n).
-6
Let h(y) = 5*y + 0*y + 2 - 4*y - 5. Calculate h(4).
1
Let p(g) = g**3 - 2*g**3 - g**2 + 2*g**3. Let c(i) = -i**2 - 2*i - 1. Let d be c(-1). What is p(d)?
0
Let b(s) = -s**3 + 6*s**2 - 7*s + 5. Let w be b(5). Suppose 4*g = 5*u - 62 - 18, -3*u + 41 = -g. Let a(m) = m - 4*m - m**2 + u - 5. Determine a(w).
-3
Let c(t) = -8*t - 16 + t**2 + 13 + 11*t - 7*t. Suppose -3*x + j + 4*j - 13 = 0, -5*x + 5*j - 5 = 0. Calculate c(x).
-3
Let i(f) = -6*f**3 - f**2 + f - 1. Let o = 52 - 51. What is i(o)?
-7
Let m(s) = s**2 - 7*s + 7. Let f be m(6). Suppose -2*i - 8 = -6*i. Let z(x) = -2*x**i + 1 - 2*x + 3*x**3 + 2*x. Calculate z(f).
2
Let n(r) = r + 1. Let z(j) = 2*j + 2. Let q(c) = 13*n(c) - 6*z(c). Suppose 6 = 2*t - 4*t. Give q(t).
-2
Let a(l) = 9*l + 1. Let k(m) = -7*m - 2. Let x(d) = 3*a(d) + 4*k(d). Let c(t) = 2*t + 3. Let g be c(-4). What is x(g)?
0
Let i be ((-6)/18)/(1/21). Let k(r) = r**2 + 6*r - 8. Determine k(i).
-1
Let y = 0 + 1. Let v(h) = -h + 7. Let c be v(6). Suppose -2*u - y = c. Let n(a) = -3*a**3 - 2*a - 1. What is n(u)?
4
Let k(f) = -7*f**2 - 5*f - 2. Let o(z) = 4*z**2 + 3*z + 1. Let c(i) = 3*k(i) + 5*o(i). Suppose -u = -2 + 1. Give c(u).
-2
Let n(h) = 0 + 43*h - 8 + h**2 - 37*h - 3. Give n(-8).
5
Let w(t) = 5*t**2 - t + 1. Let o(j) = j**3 + 6*j**2 + 5*j + 1. Let a be o(-4). Let h = 14 - a. Calculate w(h).
5
Let d = -4 - -6. Let w(t) = 3*t + 3 + t + t**d - t. Suppose -s = r + 1, s + 7 = -5*r - 3*s. Give w(r).
3
Let o(s) be the third derivative of -s**8/6720 + s**7/420 - s**6/240 - s**5/20 + s**4/24 - 4*s**2. Let k(f) be the second derivative of o(f). What is k(5)?
4
Let h be (-2)/6*-2*-3. Let y be (-25)/15 - h/3. Let v(b) = -2*b**3 - b**3 - b**2 - b**3 + 1. Give v(y).
4
Suppose 7 = -5*q - 28. Let y be (-2)/q - (-14)/(-49). Let n(x) = -x**2 + x + 11. Calculate n(y).
11
Let n be 4*(5/((-10)/(-4)))/(-4). Let r(u) be the third derivative of 1/60*u**5 + 0*u + 0 + 1/120*u**6 + u**2 - 1/12*u**4 + 0*u**3. Determine r(n).
0
Let l(y) be the third derivative of 0 - 1/6*y**3 - 1/24*y**4 + 0*y + 8*y**2. What is l(-3)?
2
Let a(z) = -z**3 + 4*z**2 - 7*z + 3. Let t(d) = -d. Let u(h) = a(h) - 4*t(h). Let w = 11 - 8. What is u(w)?
3
Let w(v) be the first derivative of -v**4/4 - v**3/3 + v**2 + 1. Suppose 9 = -3*r - 5*h, 5*r - 19 = 3*r + 5*h. What is w(r)?
-8
Let s(z) = -z**3 + 4*z**2 + 7*z - 4. Let x be s(5). Suppose -o + x = o. Let k(u) = -o*u**3 + u + 4*u**3 - 2*u**3. Calculate k(-1).
0
Let k(i) = i**2 + 4*i - 4. Let u(n) = -2*n. Let x be u(-1). Suppose -7*a + x*a = 20. Determine k(a).
-4
Let s(c) = 7*c**3 + c**2 + 13*c - 12. Let h(p) = -6*p**3 - 12*p + 11. Suppose 3*g = -3*n + 8*n, 3*n = -4*g + 29. Let v(z) = g*s(z) + 6*h(z). Determine v(4).
-6
Let t(i) = 3*i**2 - 8*i + 7. Let v be ((-5)/(-2))/(7/(-14)). Let q(x) = -4*x**2 + 9*x - 8. Let a(z) = v*q(z) - 6*t(z). Calculate a(-3).
7
Let f(q) = q**3 - 7*q**2 + 7*q - 2. Let t be f(6). Let b = 6 - 4. Let z(l) = l**3 + 8*l - 5*l**b - 3*l - 3 + 0*l**3. Determine z(t).
1
Let p(y) = y**3 - y**2 - y + 2. Let x(b) = -b**2 + 6*b + 7. Let q be x(7). Let t be p(q). Let k(o) = -4*o. Calculate k(t).
-8
Let l(a) = 2*a - 46 - a**2 + 22 + 18. Determine l(4).
-14
Let t(n) = -4*n + 1. Let f be t(1). Let r(a) = a**3 - a**2 + a - 1. Let m(o) = 5*o**3 - 8*o**2 + 9*o - 5. Let u(k) = m(k) - 6*r(k). Determine u(f).
1
Let f(c) be the first derivative of c**4/4 - c**3 - 7*c**2/2 - 6*c - 1. Let p(g) = 3*g**3 - 9*g**2 - 20*g - 17. Let a(w) = -17*f(w) + 6*p(w). Give a(3).
-3
Let p be (-94)/18 + (-8)/(-36). Let v(t) be the third derivative of -t**4/24 - 2*t**3/3 - 2*t**2. Determine v(p).
1
Let z(v) be the third derivative of v**6/120 - v**5/30 - v**4/24 + v**3/6 + 9*v**2. Give z(1).
-1
Let a be (-1)/1 + (-8)/(-4) - 3. Let u(o) = -o**2 - 3*o - 2. Determine u(a).
0
Suppose 3*d = 5*k - 2 - 21, -d + 15 = 4*k. Let x(c) = 4*c**2 + 0*c**2 + 3*c**2 - c. Determine x(d).
8
Let k = 12 + -8. Suppose 6*z + k*c + 4 = 2*z, 5*c + 1 = -3*z. Let h(a) = -a**2 + 1. Give h(z).
-3
Let r(h) = -6*h**2 + 1 + 7*h**2 - h + 0*h**3 + 0 - 6*h**3. Determine r(1).
-5
Suppose 3*k - 8 = 13. Let q = k - 11. Let p(x) be the third derivative of -x**4/12 - 5*x**3/6 - 3*x**2. Give p(q).
3
Let i = -3 - 1. Let m = 4 + i. Let k(f) = -6*f - 4. Let r(w) = w - 1. Let d(v) = -k(v) - 5*r(v). What is d(m)?
9
Let b be 0 + -1*11 - 1. Let d be ((-2)/2)/(3/b). Let q(s) be the second derivative of s**5/20 - s**4/4 - 2*s**3/3 + 2*s. Determine q(d).
0
Suppose g = -3*g + 3*s - 15, -4*s - 6 = -g. Let w(j) = j + 7. Determine w(g).
1
Let p = 3 + -1. Let j(i) be the second derivative of i**4/12 - i**3/2 + i**2 - 5*i. Calculate j(p).
0
Let i(x) be the first derivative of 2*x*